0101011
11620162 (base 7) to base 12
425a41
What is -14453451 (base 7) in base 4?
-11033212221
Convert 18b7485 (base 12) to base 9.
10732062
Convert -249d5 (base 14) to base 7.
-522455
-2003233312 (base 4) to base 13
-15b818
What is -1030301010 (base 4) in base 15?
-63276
213111020 (base 4) to base 2
100111010101001000
Convert -13b926a (base 12) to base 5.
-2004221443
What is 111011010101011011 (base 2) in base 11?
156661
55351 (base 7) to base 9
21057
What is 112202220 (base 3) in base 7?
43254
Convert 334416 (base 16) to base 5.
1330003031
Convert -201121322 (base 6) to base 16.
-342212
Convert -cb98c (base 16) to base 12.
-342724
dd597 (base 14) to base 4
2002322001
-10033320231 (base 4) to base 15
-16ee80
Convert 2074991 (base 10) to base 12.
84097b
20040331 (base 5) to base 2
100110110001111001
What is 10100101001011011 (base 2) in base 13?
2c656
What is 1000000011010001 (base 2) in base 14?
c037
-40972e (base 15) to base 13
-83618c
What is 1101201020 (base 3) in base 4?
12231210
Convert -34ec51 (base 15) to base 7.
-30336664
31105 (base 7) to base 5
220400
-22436 (base 12) to base 4
-23013222
8b91c (base 14) to base 10
339302
Convert 305387 (base 14) to base 13.
44cc70
Convert 1899314 (base 11) to base 10.
3204095
What is 980508 (base 12) in base 11?
13a3818
319b9 (base 14) to base 15
257e9
-10135d (base 16) to base 9
-1875152
What is -29a53c (base 13) in base 6?
-33525445
What is -153455030 (base 6) in base 5?
-1313223241
Convert 40421015 (base 6) to base 11.
718849
Convert -153c113 (base 13) to base 12.
-2338702
Convert -3d28c (base 15) to base 3.
-100222022120
Convert 202023453 (base 6) to base 10.
3455961
-36906d (base 14) to base 9
-3457411
Convert -160025 (base 9) to base 8.
-300206
What is 3115ba (base 14) in base 9?
3103261
What is -1014201 (base 5) in base 13?
-7855
What is -75aa3 (base 11) in base 2?
-11010111110000001
-2a88712 (base 11) to base 9
-10840816
100111010100111011000000 (base 2) to base 16
9d4ec0
-17a51d2 (base 14) to base 16
-b26a14
Convert -1784851 (base 10) to base 16.
-1b3c13
-cdeec (base 16) to base 2
-11001101111011101100
Convert 120894 (base 10) to base 6.
2331410
-3034001 (base 8) to base 5
-201111034
Convert -1230040 (base 7) to base 4.
-212230132
cd1c9 (base 14) to base 12
1bb779
67819 (base 13) to base 8
557327
What is -12110201011221 (base 3) in base 11?
-17063a8
Convert -53223005 (base 7) to base 5.
-2123310422
2122221021 (base 4) to base 10
633417
What is -870462 (base 9) in base 14?
-d705d
-19261 (base 12) to base 2
-1000111100101001
Convert 447d4 (base 15) to base 9.
361651
2012a7 (base 14) to base 2
100000111011010010011
Convert -25de5 (base 15) to base 16.
-1d9b1
What is 1101000111001100111110 (base 2) in base 6?
201401434
-21141120 (base 5) to base 3
-100000201000
What is -72376 (base 10) in base 5?
-4304001
What is 5a432 (base 11) in base 12?
4244a
Convert 2014611 (base 10) to base 5.
1003431421
Convert 55415 (base 9) to base 8.
107664
-10132001113 (base 4) to base 11
-73021a
Convert 4eeb (base 15) to base 3.
212010212
Convert -36332464 (base 7) to base 12.
-1100197
What is -d0eb (base 16) in base 11?
-37201
What is 22032322302 (base 4) in base 5?
1141320141
What is -1063323 (base 7) in base 6?
-2504520
42474 (base 9) to base 3
1102112111
Convert 363336 (base 8) to base 16.
1e6de
Convert -a7240 (base 11) to base 5.
-14443023
10000100000100111 (base 2) to base 7
401103
Convert -5257bc (base 16) to base 11.
-305644a
What is -68dc (base 16) in base 6?
-324140
What is 113303212312 (base 4) in base 15?
834164
-474662 (base 8) to base 15
-33101
What is 1334358 (base 13) in base 6?
333211123
Convert -32503342 (base 6) to base 13.
-280a15
Convert 11011010010011110 (base 2) to base 9.
180283
Convert -c98d5 (base 14) to base 9.
-822573
What is -1545020 (base 6) in base 8?
-263244
Convert 25ae3 (base 15) to base 7.
1011366
-110120100002 (base 3) to base 10
-247376
What is -1a242 (base 12) in base 13?
-145c4
-111101101101000011001 (base 2) to base 8
-7555031
-110010001110011 (base 2) to base 14
-952b
200002122211 (base 4) to base 7
131246266
-124231511 (base 6) to base 4
-21111022003
What is -279b6 (base 12) in base 7?
-316233
Convert -35c8b7 (base 13) to base 14.
-2561b8
-283483 (base 11) to base 2
-1101100010110010110
What is 8dcccd (base 14) in base 2?
10010011101000001010101
Convert -246123 (base 9) to base 16.
-24552
1331 (base 4) to base 2
1111101
Convert -110a0 (base 15) to base 4.
-31032012
Convert 11000111001101001111000 (base 2) to base 3.
110021122012021
What is -1214343 (base 5) in base 6?
-254534
207848 (base 13) to base 7
6311633
What is -b0c4 (base 14) in base 10?
-30356
What is -211331122 (base 6) in base 9?
-6878625
What is -14415542 (base 7) in base 6?
-45134542
Convert 13ada4 (base 14) to base 15.
d766e
23a3046 (base 11) to base 2
1111111011101101011000
Convert -112001121001210 (base 3) to base 13.
-1717a61
21151044 (base 6) to base 15
c401d
Convert -102315251 (base 6) to base 5.
-430024420
-1140036 (base 8) to base 2
-1001100000000011110
What is 11311023210 (base 4) in base 2?
101110101001011100100
Convert -122330544 (base 6) to base 12.
-959a54
What is -625e (base 16) in base 13?
-b601
-78189 (base 12) to base 5
-20043400
-99c5ee (base 15) to base 10
-7331849
Convert 1537250 (base 9) to base 4.
3033323133
What is 1b8977 (base 16) in base 7?
21224260
What is 7c789 (base 15) in base 9?
664003
105cd (base 15) to base 10
51943
-1201102 (base 4) to base 10
-6226
Convert 53343 (base 9) to base 5.
2112044
-25031365 (base 7) to base 9
-4187821
Convert -22316 (base 13) to base 5.
-3441132
Convert 40626532 (base 7) to base 13.
921703
125155 (base 6) to base 8
26377
1100110010011101100010 (base 2) to base 12
1158082
What is 1294472 (base 10) in base 16?
13c088
What is 2020157 (base 12) in base 15?
7dbc51
27a3a4 (base 13) to base 14
1b1a16
What is -3378609 (base 10) in base 9?
-6318520
-211211011 (base 4) to base 3
-21211010221
-158853 (base 16) to base 14
-28a3ab
What is -135a (base 13) in base 14?
-1027
33245431 (base 6) to base 10
1001755
200100100221 (base 3) to base 5
43023443
357077 (base 8) to base 6
2342451
-5620162 (base 10) to base 13
-121a152
Convert 23000135 (base 6) to base 10.
699899
Convert 36c15 (base 13) to base 16.
18a2f
Convert -1001121320 (base 4) to base 6.
-5424132
1102102110012 (base 3) to base 11
477248
Convert 111110010000110010 (base 2) to base 12.
103702
2114353 (base 9) to base 15
1754b9
What is 1110213432 (base 5) in base 6?
124022254
-35d28 (base 15) to base 16
-29ec1
Convert 385921 (base 14) to base 7.
22313141
Convert -34a163a (base 12) to base 15.
-d5b51d
Convert -2020222 (base 6) to base 2.
-10111011011110110
What is -789575 (base 10) in base 2?
-11000000110001000111
Convert 2ad88 (base 14) to base 7.
623531
-3aae97 (base 16) to base 7
-44455124
Convert -1042653 (base 8) to base 14.
-74067
227692 (base 10) to base 13
7c83a
11001101010001000011011 (base 2) to base 9
13581513
Convert 20a758c (base 13) to base 8.
45764360
1417800 (base 9) to base 5
144424244
-2540010 (base 7) to base 11
-205160
1000001000111001000100 (base 2) to base 5
1021233242
Convert 132046421 (base 7) to base 16.
816f29
12020201011012 (base 3) to base 14
5286d5
-10341420101 (base 5) to base 6
-1041431241
Convert 51016641 (base 7) to base 11.
2436759
Convert -120140305 (base 6) to base 5.
-1034040221
What is -2c857 (base 14) in base 9?
-178733
353443122 (base 6) to base 5
3143143412
What is -10111110010011010100110 (base 2) in base 5?
-3044021224
16b273 (base 13) to base 10
567258
What is -18a517 (base 11) in base 3?
-112211200222
Convert 6397b (base 15) to base 3.
121001111022
Convert 147dcdc (base 15) to base 11.
8409506
What is -234001320 (base 5) in base 4?
-10013100333
Convert -800240 (base 11) to base 2.
-100111010100111110110
What is -11021211122 (base 3) in base 6?
-1450542
Convert 2392010 (base 10) to base 3.
11111112012222
1d8a03 (base 15) to base 2
101100001001101100001
-21120200103 (base 4) to base 11
-142aa91
Convert -3275806 (base 12) to base 10.
-9610566
Convert -31445402 (base 7) to base 3.
-12000111110122
Convert -11237 (base 16) to base 7.
-411443
-47056 (base 12) to base 10
-95106
-44655356 (base 7) to base 5
-1443121033
1300103200 (base 4) to base 13
1314b8
Convert 248028 (